{"id":195,"date":"2024-10-21T23:01:04","date_gmt":"2024-10-21T23:01:04","guid":{"rendered":"https:\/\/darkslategray-tiger-275734.hostingersite.com\/?page_id=195"},"modified":"2024-11-03T00:16:22","modified_gmt":"2024-11-03T00:16:22","slug":"partnerships","status":"publish","type":"page","link":"https:\/\/concamin.org.mx\/?page_id=195","title":{"rendered":"Partnerships"},"content":{"rendered":"<p>[et_pb_section fb_built=&#8221;1&#8243; module_class=&#8221;breadcrumbs&#8221; _builder_version=&#8221;4.27.2&#8243; _module_preset=&#8221;default&#8221; background_color=&#8221;#f8f7fa&#8221; global_colors_info=&#8221;{}&#8221;][et_pb_row _builder_version=&#8221;4.27.2&#8243; _module_preset=&#8221;default&#8221; global_colors_info=&#8221;{}&#8221;][et_pb_column type=&#8221;4_4&#8243; _builder_version=&#8221;4.27.2&#8243; _module_preset=&#8221;default&#8221; global_colors_info=&#8221;{}&#8221;][et_pb_code _builder_version=&#8221;4.27.2&#8243; _module_preset=&#8221;default&#8221; global_colors_info=&#8221;{}&#8221;]<\/p>\n<div class=\"lwp-breadcrumbs\"><!-- [et_pb_line_break_holder] -->  <span typeof=\"BreadcrumbList\"><!-- [et_pb_line_break_holder] -->    <span property=\"itemListElement\" typeof=\"ListItem\"><!-- [et_pb_line_break_holder] -->      <a property=\"item\" typeof=\"WebPage\" href=\"\/\"><!-- [et_pb_line_break_holder] -->        <span property=\"name\">Inicio<\/span><!-- [et_pb_line_break_holder] -->      <\/a><!-- [et_pb_line_break_holder] -->    <\/span><!-- [et_pb_line_break_holder] -->    <span class=\"separator et-pb-icon\">5<\/span><!-- [et_pb_line_break_holder] -->    <span property=\"itemListElement\" typeof=\"ListItem\"><!-- [et_pb_line_break_holder] -->       <a property=\"item\" typeof=\"WebPage\" href=\"\/quienes-somos\/\"><!-- [et_pb_line_break_holder] -->      \t\t<span property=\"name\">Nosotros<\/span><!-- [et_pb_line_break_holder] -->        <\/a><!-- [et_pb_line_break_holder] -->    <\/span><!-- [et_pb_line_break_holder] -->   <!-- [et_pb_line_break_holder] -->    <span class=\"separator et-pb-icon\">5<\/span><!-- [et_pb_line_break_holder] -->    <span property=\"itemListElement\" typeof=\"ListItem\" class=\"current\"><!-- [et_pb_line_break_holder] -->      <a property=\"item\" typeof=\"WebPage\" href=\"\/partnerships\/\"><!-- [et_pb_line_break_holder] -->       Partnerships<!-- [et_pb_line_break_holder] -->      <\/a><!-- [et_pb_line_break_holder] -->    <\/span><!-- [et_pb_line_break_holder] -->  <\/span><!-- [et_pb_line_break_holder] --><\/div>\n<p>[\/et_pb_code][\/et_pb_column][\/et_pb_row][\/et_pb_section][et_pb_section fb_built=&#8221;1&#8243; module_class=&#8221;module&#8221; _builder_version=&#8221;4.27.2&#8243; _module_preset=&#8221;default&#8221; global_colors_info=&#8221;{}&#8221;][et_pb_row column_structure=&#8221;1_2,1_2&#8243; _builder_version=&#8221;4.27.2&#8243; _module_preset=&#8221;default&#8221; custom_padding=&#8221;0px||0px||true|false&#8221; global_colors_info=&#8221;{}&#8221;][et_pb_column type=&#8221;1_2&#8243; _builder_version=&#8221;4.27.2&#8243; _module_preset=&#8221;default&#8221; global_colors_info=&#8221;{}&#8221;][et_pb_text _builder_version=&#8221;4.27.2&#8243; _module_preset=&#8221;default&#8221; global_colors_info=&#8221;{}&#8221;]<\/p>\n<h1>Partnerships<\/h1>\n<p>[\/et_pb_text][et_pb_text module_class=&#8221;text-18&#8243; _builder_version=&#8221;4.27.2&#8243; _module_preset=&#8221;default&#8221; global_colors_info=&#8221;{}&#8221;]<\/p>\n<p><strong>Contratos de Colaboraci\u00f3n Celebrados entre CONCAMIN y Otras Instituciones<\/strong><\/p>\n<p>[\/et_pb_text][\/et_pb_column][et_pb_column type=&#8221;1_2&#8243; _builder_version=&#8221;4.27.2&#8243; _module_preset=&#8221;default&#8221; global_colors_info=&#8221;{}&#8221;][\/et_pb_column][\/et_pb_row][et_pb_row custom_padding_last_edited=&#8221;on|phone&#8221; _builder_version=&#8221;4.27.2&#8243; _module_preset=&#8221;default&#8221; custom_padding=&#8221;60px||||false|false&#8221; custom_padding_tablet=&#8221;32px||||false|false&#8221; custom_padding_phone=&#8221;16px||||false|false&#8221; global_colors_info=&#8221;{}&#8221;][et_pb_column type=&#8221;4_4&#8243; _builder_version=&#8221;4.27.2&#8243; _module_preset=&#8221;default&#8221; global_colors_info=&#8221;{}&#8221;][et_pb_code module_class=&#8221;post-grid post&#8211;title&#8221; _builder_version=&#8221;4.27.2&#8243; _module_preset=&#8221;default&#8221; hover_enabled=&#8221;0&#8243; global_colors_info=&#8221;{}&#8221; sticky_enabled=&#8221;0&#8243;]<style type='text\/css' media='all'>#rt-tpg-container-963558730 .rt-holder .rt-woo-info .price{color:#0367bf;}body .rt-tpg-container .rt-tpg-isotope-buttons .selected,\n\t\t\t\t\t#rt-tpg-container-963558730 .layout12 .rt-holder:hover .rt-detail,\n\t\t\t\t\t#rt-tpg-container-963558730 .isotope8 .rt-holder:hover .rt-detail,\n\t\t\t\t\t#rt-tpg-container-963558730 .carousel8 .rt-holder:hover .rt-detail,\n\t\t\t\t\t#rt-tpg-container-963558730 .layout13 .rt-holder .overlay .post-info,\n\t\t\t\t\t#rt-tpg-container-963558730 .isotope9 .rt-holder .overlay .post-info,\n\t\t\t\t\t#rt-tpg-container-963558730.rt-tpg-container .layout4 .rt-holder .rt-detail,\n\t\t\t\t\t.rt-modal-963558730 .md-content,\n\t\t\t\t\t.rt-modal-963558730 .md-content > .rt-md-content-holder .rt-md-content,\n\t\t\t\t\t.rt-popup-wrap-963558730.rt-popup-wrap .rt-popup-navigation-wrap,\n\t\t\t\t\t#rt-tpg-container-963558730 .carousel9 .rt-holder .overlay .post-info{background-color:#0367bf;}#rt-tpg-container-963558730 .layout5 .rt-holder .overlay, #rt-tpg-container-963558730 .isotope2 .rt-holder .overlay, #rt-tpg-container-963558730 .carousel2 .rt-holder .overlay,#rt-tpg-container-963558730 .layout15 .rt-holder h3, #rt-tpg-container-963558730 .isotope11 .rt-holder h3, #rt-tpg-container-963558730 .carousel11 .rt-holder h3, #rt-tpg-container-963558730 .layout16 .rt-holder h3,\n\t\t\t\t\t#rt-tpg-container-963558730 .isotope12 .rt-holder h3, #rt-tpg-container-963558730 .carousel12 .rt-holder h3 {background-color:rgba(3,103,191,0.1);}#rt-tpg-container-963558730 .read-more a{border-radius:px;}#rt-tpg-container-963558730 .rt-img-holder img.rt-img-responsive,#rt-tpg-container-963558730 .rt-img-holder,\n\t\t\t\t\t#rt-tpg-container-963558730 .rt-post-overlay .post-img,\n\t\t\t\t\t#rt-tpg-container-963558730 .post-sm .post-img,\n\t\t\t\t\t#rt-tpg-container-963558730 .rt-post-grid .post-img,\n\t\t\t\t\t#rt-tpg-container-963558730 .post-img img {border-radius:px;}<\/style><div class='rt-container-fluid rt-tpg-container tpg-shortcode-main-wrapper ' id='rt-tpg-container-963558730'   data-layout='layout2' data-grid-style='even' data-desktop-col='1'  data-tab-col='1'  data-mobile-col='1' data-sc-id='204'><div class='rt-layout-filter-container rt-clear'><div class='rt-filter-wrap'><div class='rt-filter-item-wrap rt-tax-filter rt-filter-dropdown-wrap parent-dropdown-wrap' data-taxonomy='post_tag'><span class=\"term-default rt-filter-dropdown-default\" data-term=\"all\">\n\t\t\t\t\t\t\t\t\t\t\t<span class=\"rt-text\">All<\/span>\n\t\t\t\t\t\t\t\t\t\t\t<i class=\"fa fa-angle-down rt-arrow-angle\" aria-hidden=\"true\"><\/i>\n\t\t\t\t\t\t\t\t\t\t<\/span><span class=\"term-dropdown rt-filter-dropdown\"><span class='term-dropdown-item rt-filter-dropdown-item' data-term='all'><span class='rt-text'>All<\/span><\/span><span class='term-dropdown-item rt-filter-dropdown-item' data-term='19'><span class='rt-text'>2018<\/span><\/span><span class='term-dropdown-item rt-filter-dropdown-item' data-term='26'><span class='rt-text'>2016<\/span><\/span><span class='term-dropdown-item rt-filter-dropdown-item' data-term='27'><span class='rt-text'>2017<\/span><\/span><span class='term-dropdown-item rt-filter-dropdown-item' data-term='28'><span class='rt-text'>2012<\/span><\/span><span class='term-dropdown-item rt-filter-dropdown-item' data-term='29'><span class='rt-text'>2013<\/span><\/span><span class='term-dropdown-item rt-filter-dropdown-item' data-term='30'><span class='rt-text'>2015<\/span><\/span><span class='term-dropdown-item rt-filter-dropdown-item' data-term='31'><span class='rt-text'>2014<\/span><\/span><\/span><\/div><div class=\"rt-filter-item-wrap rt-search-filter-wrap\"><input type=\"text\" class=\"rt-search-input\" placeholder=\"Search...\"><span class='rt-action'>&#128269;<\/span><span class='rt-loading'><\/span><\/div><\/div><\/div><div data-title='Loading ...' class='rt-row rt-content-loader   layout2 tpg-even '><div class=\"rt-col-md-12 rt-col-sm-12 rt-col-xs-12 even-grid-item rt-grid-item\" data-id=\"522\"><div class=\"rt-holder\"><div class=\"rt-row\"><div class='rt-col-xs-12'><div class='rt-detail'><h3 class=\"entry-title\"><a data-id=\"522\" class=\" disabled\" href=\"https:\/\/concamin.org.mx\/?p=522\">Confederaci\u00f3n de Industrias Alemanas<\/a><\/h3><div class='post-meta-user '><span class='date-meta'><i class='far fa-calendar-alt '><\/i>febrero 3, 2018<\/span><\/div><div class='tpg-excerpt'>Estableci\u00f3 bases de cooperaci\u00f3n entre las partes para promover la inversi\u00f3n entre M\u00e9xico y Alemania<\/div><\/div><\/div><\/div><\/div><\/div><div class=\"rt-col-md-12 rt-col-sm-12 rt-col-xs-12 even-grid-item rt-grid-item\" data-id=\"518\"><div class=\"rt-holder\"><div class=\"rt-row\"><div class='rt-col-xs-12'><div class='rt-detail'><h3 class=\"entry-title\"><a data-id=\"518\" class=\" disabled\" href=\"https:\/\/concamin.org.mx\/?p=518\">Organizaci\u00f3n de las Naciones Unidas para el Desarrollo Industrial (ONUDI)<\/a><\/h3><div class='post-meta-user '><span class='date-meta'><i class='far fa-calendar-alt '><\/i>enero 3, 2018<\/span><\/div><div class='tpg-excerpt'>Promovi\u00f3 la cooperaci\u00f3n entre las partes con el objetivo de abordar los desaf\u00edos del desarrollo mediante la aplicaci\u00f3n de conocimientos internacionales, experiencia metodolog\u00edas y dem\u00e1s servicios proporcionados por la ONUDI.<\/div><\/div><\/div><\/div><\/div><\/div><div class=\"rt-col-md-12 rt-col-sm-12 rt-col-xs-12 even-grid-item rt-grid-item\" data-id=\"470\"><div class=\"rt-holder\"><div class=\"rt-row\"><div class='rt-col-xs-12'><div class='rt-detail'><h3 class=\"entry-title\"><a data-id=\"470\" class=\" disabled\" href=\"https:\/\/concamin.org.mx\/?p=470\">Tecnol\u00f3gico Nacional de M\u00e9xico<\/a><\/h3><div class='post-meta-user '><span class='date-meta'><i class='far fa-calendar-alt '><\/i>febrero 2, 2017<\/span><\/div><div class='tpg-excerpt'>Tuvo por objeto establecer las bases de colaboraci\u00f3n a trav\u00e9s de las cuales promuevan conjuntamente el apoyo en vinculaci\u00f3n interinstitucional, extensi\u00f3n universitaria, capacitaci\u00f3n y residencia profesional.<\/div><\/div><\/div><\/div><\/div><\/div><div class=\"rt-col-md-12 rt-col-sm-12 rt-col-xs-12 even-grid-item rt-grid-item\" data-id=\"530\"><div class=\"rt-holder\"><div class=\"rt-row\"><div class='rt-col-xs-12'><div class='rt-detail'><h3 class=\"entry-title\"><a data-id=\"530\" class=\" disabled\" href=\"https:\/\/concamin.org.mx\/?p=530\">Gobierno del Estado de Veracruz<\/a><\/h3><div class='post-meta-user '><span class='date-meta'><i class='far fa-calendar-alt '><\/i>enero 3, 2017<\/span><\/div><div class='tpg-excerpt'>Tuvo por objeto precisar las acciones de colaboraci\u00f3n entre las partes, en lo que se refiere a la constituci\u00f3n y funcionamiento de la Contralor\u00eda Social Empresarial de la CONCAMIN.<\/div><\/div><\/div><\/div><\/div><\/div><div class=\"rt-col-md-12 rt-col-sm-12 rt-col-xs-12 even-grid-item rt-grid-item\" data-id=\"201\"><div class=\"rt-holder\"><div class=\"rt-row\"><div class='rt-col-xs-12'><div class='rt-detail'><h3 class=\"entry-title\"><a data-id=\"201\" class=\" disabled\" href=\"https:\/\/concamin.org.mx\/?p=201\">Secretar\u00eda de Turismo (SECTUR)<\/a><\/h3><div class='post-meta-user '><span class='date-meta'><i class='far fa-calendar-alt '><\/i>febrero 22, 2016<\/span><\/div><div class='tpg-excerpt'>Tuvo por objeto establecer las bases y mecanismos de colaboraci\u00f3n mediante las cuales las partes realizaran esfuerzos en el \u00e1mbito de sus respectivas competencias y disponibilidad presupuestaria, que permitan fomentar la participaci\u00f3n de empresas mexicanas que realicen actividades industriales, extractivas de transformaci\u00f3n y sus servicios en el sector tur\u00edstico.<\/div><\/div><\/div><\/div><\/div><\/div><div class=\"rt-col-md-12 rt-col-sm-12 rt-col-xs-12 even-grid-item rt-grid-item\" data-id=\"526\"><div class=\"rt-holder\"><div class=\"rt-row\"><div class='rt-col-xs-12'><div class='rt-detail'><h3 class=\"entry-title\"><a data-id=\"526\" class=\" disabled\" href=\"https:\/\/concamin.org.mx\/?p=526\">CANIETI<\/a><\/h3><div class='post-meta-user '><span class='date-meta'><i class='far fa-calendar-alt '><\/i>enero 3, 2016<\/span><\/div><div class='tpg-excerpt'>El objeto del convenio fue establecer las bases de la colaboraci\u00f3n mediante las cuales se realizan esfuerzos de manera conjunta, coordinada y en el \u00e1mbito de sus respectivas actividades, afecto de impulsar y promover el desarrollo e integraci\u00f3n de las empresas que integran la cadena de suministro de la industria en M\u00e9xico.<\/div><\/div><\/div><\/div><\/div><\/div><div class=\"rt-col-md-12 rt-col-sm-12 rt-col-xs-12 even-grid-item rt-grid-item\" data-id=\"510\"><div class=\"rt-holder\"><div class=\"rt-row\"><div class='rt-col-xs-12'><div class='rt-detail'><h3 class=\"entry-title\"><a data-id=\"510\" class=\" disabled\" href=\"https:\/\/concamin.org.mx\/?p=510\">Instituto para el Desarrollo Industrial y el Crecimiento Econ\u00f3mico (IDIC)<\/a><\/h3><div class='post-meta-user '><span class='date-meta'><i class='far fa-calendar-alt '><\/i>enero 2, 2015<\/span><\/div><div class='tpg-excerpt'>Tuvo por objeto precisar las acciones de colaboraci\u00f3n entre las partes, en lo que se refiere a su difusi\u00f3n, promoci\u00f3n e intercambio de experiencias, coadyuvando en el \u00e1mbito de sus respectivas competencias, con la finalidad de apoyar, promover y desarrollar el sector industrial nacional.<\/div><\/div><\/div><\/div><\/div><\/div><div class=\"rt-col-md-12 rt-col-sm-12 rt-col-xs-12 even-grid-item rt-grid-item\" data-id=\"514\"><div class=\"rt-holder\"><div class=\"rt-row\"><div class='rt-col-xs-12'><div class='rt-detail'><h3 class=\"entry-title\"><a data-id=\"514\" class=\" disabled\" href=\"https:\/\/concamin.org.mx\/?p=514\">Uni\u00f3n Costarricense de C\u00e1maras y Asociaciones de la Empresa Privada (UCCAEP)<\/a><\/h3><div class='post-meta-user '><span class='date-meta'><i class='far fa-calendar-alt '><\/i>enero 2, 2014<\/span><\/div><div class='tpg-excerpt'>Tuvo por objetivo precisar las acciones de colaboraci\u00f3n entre las partes, en lo que se refiere a su difusi\u00f3n, promoci\u00f3n e intercambio de experiencias, coadyuvando en el \u00e1mbito de sus respectivas competencias, con la finalidad de apoyar y desarrollar el sector Industrial de M\u00e9xico y Costa Rica.<\/div><\/div><\/div><\/div><\/div><\/div><div class=\"rt-col-md-12 rt-col-sm-12 rt-col-xs-12 even-grid-item rt-grid-item\" data-id=\"506\"><div class=\"rt-holder\"><div class=\"rt-row\"><div class='rt-col-xs-12'><div class='rt-detail'><h3 class=\"entry-title\"><a data-id=\"506\" class=\" disabled\" href=\"https:\/\/concamin.org.mx\/?p=506\">Centro Mexicano de Derecho Ambiental (CEMDA)<\/a><\/h3><div class='post-meta-user '><span class='date-meta'><i class='far fa-calendar-alt '><\/i>enero 2, 2013<\/span><\/div><div class='tpg-excerpt'>El convenio tuvo por objetivo la colaboraci\u00f3n entre las partes, promover y desarrollar en el sector industrial m\u00e1s y cada vez mejores pr\u00e1cticas ambientales a trav\u00e9s de los medios, programas y actividades que la CONCAMIN lleva a cabo como organismo c\u00fapula de consulta para el gobierno.<\/div><\/div><\/div><\/div><\/div><\/div><\/div><div class='rt-pagination-wrap' data-total-pages='2' data-posts-per-page='9' data-type='pagination_ajax'  ><div class='rt-page-numbers'><\/div><\/div><\/div>[\/et_pb_code][\/et_pb_column][\/et_pb_row][\/et_pb_section]<\/p>\n","protected":false},"excerpt":{"rendered":"<p>[et_pb_section fb_built=&#8221;1&#8243; module_class=&#8221;breadcrumbs&#8221; _builder_version=&#8221;4.27.2&#8243; _module_preset=&#8221;default&#8221; background_color=&#8221;#f8f7fa&#8221; global_colors_info=&#8221;{}&#8221;][et_pb_row _builder_version=&#8221;4.27.2&#8243; _module_preset=&#8221;default&#8221; global_colors_info=&#8221;{}&#8221;][et_pb_column type=&#8221;4_4&#8243; _builder_version=&#8221;4.27.2&#8243; _module_preset=&#8221;default&#8221; global_colors_info=&#8221;{}&#8221;][et_pb_code _builder_version=&#8221;4.27.2&#8243; _module_preset=&#8221;default&#8221; global_colors_info=&#8221;{}&#8221;] Inicio 5 Nosotros 5 Partnerships [\/et_pb_code][\/et_pb_column][\/et_pb_row][\/et_pb_section][et_pb_section fb_built=&#8221;1&#8243; module_class=&#8221;module&#8221; _builder_version=&#8221;4.27.2&#8243; _module_preset=&#8221;default&#8221; global_colors_info=&#8221;{}&#8221;][et_pb_row column_structure=&#8221;1_2,1_2&#8243; _builder_version=&#8221;4.27.2&#8243; _module_preset=&#8221;default&#8221; custom_padding=&#8221;0px||0px||true|false&#8221; global_colors_info=&#8221;{}&#8221;][et_pb_column type=&#8221;1_2&#8243; _builder_version=&#8221;4.27.2&#8243; _module_preset=&#8221;default&#8221; global_colors_info=&#8221;{}&#8221;][et_pb_text _builder_version=&#8221;4.27.2&#8243; _module_preset=&#8221;default&#8221; global_colors_info=&#8221;{}&#8221;] Partnerships [\/et_pb_text][et_pb_text module_class=&#8221;text-18&#8243; _builder_version=&#8221;4.27.2&#8243; _module_preset=&#8221;default&#8221; global_colors_info=&#8221;{}&#8221;] Contratos de Colaboraci\u00f3n Celebrados entre CONCAMIN y Otras Instituciones [&hellip;]<\/p>\n","protected":false},"author":1,"featured_media":14,"parent":0,"menu_order":0,"comment_status":"closed","ping_status":"closed","template":"","meta":{"_et_pb_use_builder":"on","_et_pb_old_content":"","_et_gb_content_width":"","inline_featured_image":false,"footnotes":""},"class_list":["post-195","page","type-page","status-publish","has-post-thumbnail","hentry"],"rttpg_featured_image_url":{"full":["https:\/\/concamin.org.mx\/wp-content\/uploads\/2024\/10\/share.jpg",1251,876,false],"landscape":["https:\/\/concamin.org.mx\/wp-content\/uploads\/2024\/10\/share.jpg",1251,876,false],"portraits":["https:\/\/concamin.org.mx\/wp-content\/uploads\/2024\/10\/share.jpg",1251,876,false],"thumbnail":["https:\/\/concamin.org.mx\/wp-content\/uploads\/2024\/10\/share-150x150.jpg",150,150,true],"medium":["https:\/\/concamin.org.mx\/wp-content\/uploads\/2024\/10\/share-300x210.jpg",300,210,true],"large":["https:\/\/concamin.org.mx\/wp-content\/uploads\/2024\/10\/share-1024x717.jpg",1024,717,true],"1536x1536":["https:\/\/concamin.org.mx\/wp-content\/uploads\/2024\/10\/share.jpg",1251,876,false],"2048x2048":["https:\/\/concamin.org.mx\/wp-content\/uploads\/2024\/10\/share.jpg",1251,876,false],"et-pb-post-main-image":["https:\/\/concamin.org.mx\/wp-content\/uploads\/2024\/10\/share-400x250.jpg",400,250,true],"et-pb-post-main-image-fullwidth":["https:\/\/concamin.org.mx\/wp-content\/uploads\/2024\/10\/share-1080x675.jpg",1080,675,true],"et-pb-portfolio-image":["https:\/\/concamin.org.mx\/wp-content\/uploads\/2024\/10\/share-400x284.jpg",400,284,true],"et-pb-portfolio-module-image":["https:\/\/concamin.org.mx\/wp-content\/uploads\/2024\/10\/share-510x382.jpg",510,382,true],"et-pb-portfolio-image-single":["https:\/\/concamin.org.mx\/wp-content\/uploads\/2024\/10\/share-1080x756.jpg",1080,756,true],"et-pb-gallery-module-image-portrait":["https:\/\/concamin.org.mx\/wp-content\/uploads\/2024\/10\/share-400x516.jpg",400,516,true],"et-pb-post-main-image-fullwidth-large":["https:\/\/concamin.org.mx\/wp-content\/uploads\/2024\/10\/share.jpg",1251,876,false],"et-pb-image--responsive--desktop":["https:\/\/concamin.org.mx\/wp-content\/uploads\/2024\/10\/share.jpg",1028,720,false],"et-pb-image--responsive--tablet":["https:\/\/concamin.org.mx\/wp-content\/uploads\/2024\/10\/share-980x686.jpg",787,551,true],"et-pb-image--responsive--phone":["https:\/\/concamin.org.mx\/wp-content\/uploads\/2024\/10\/share-480x336.jpg",386,270,true],"yarpp-thumbnail":["https:\/\/concamin.org.mx\/wp-content\/uploads\/2024\/10\/share.jpg",120,84,false],"rt_custom":["https:\/\/concamin.org.mx\/wp-content\/uploads\/2024\/10\/share.jpg",1251,876,false]},"rttpg_author":{"display_name":"xdelvalle@siclip.com","author_link":"https:\/\/concamin.org.mx\/?author=1"},"rttpg_comment":0,"rttpg_category":"","rttpg_excerpt":"[et_pb_section fb_built=&#8221;1&#8243; module_class=&#8221;breadcrumbs&#8221; _builder_version=&#8221;4.27.2&#8243; _module_preset=&#8221;default&#8221; background_color=&#8221;#f8f7fa&#8221; global_colors_info=&#8221;{}&#8221;][et_pb_row _builder_version=&#8221;4.27.2&#8243; _module_preset=&#8221;default&#8221; global_colors_info=&#8221;{}&#8221;][et_pb_column type=&#8221;4_4&#8243; _builder_version=&#8221;4.27.2&#8243; _module_preset=&#8221;default&#8221; global_colors_info=&#8221;{}&#8221;][et_pb_code _builder_version=&#8221;4.27.2&#8243; _module_preset=&#8221;default&#8221; global_colors_info=&#8221;{}&#8221;] Inicio 5 Nosotros 5 Partnerships [\/et_pb_code][\/et_pb_column][\/et_pb_row][\/et_pb_section][et_pb_section fb_built=&#8221;1&#8243; module_class=&#8221;module&#8221; _builder_version=&#8221;4.27.2&#8243; _module_preset=&#8221;default&#8221; global_colors_info=&#8221;{}&#8221;][et_pb_row column_structure=&#8221;1_2,1_2&#8243; _builder_version=&#8221;4.27.2&#8243; _module_preset=&#8221;default&#8221; custom_padding=&#8221;0px||0px||true|false&#8221; global_colors_info=&#8221;{}&#8221;][et_pb_column type=&#8221;1_2&#8243; _builder_version=&#8221;4.27.2&#8243; _module_preset=&#8221;default&#8221; global_colors_info=&#8221;{}&#8221;][et_pb_text _builder_version=&#8221;4.27.2&#8243; _module_preset=&#8221;default&#8221; global_colors_info=&#8221;{}&#8221;] Partnerships [\/et_pb_text][et_pb_text module_class=&#8221;text-18&#8243; _builder_version=&#8221;4.27.2&#8243; _module_preset=&#8221;default&#8221; global_colors_info=&#8221;{}&#8221;] Contratos de Colaboraci\u00f3n Celebrados entre CONCAMIN y Otras Instituciones&hellip;","_links":{"self":[{"href":"https:\/\/concamin.org.mx\/index.php?rest_route=\/wp\/v2\/pages\/195","targetHints":{"allow":["GET"]}}],"collection":[{"href":"https:\/\/concamin.org.mx\/index.php?rest_route=\/wp\/v2\/pages"}],"about":[{"href":"https:\/\/concamin.org.mx\/index.php?rest_route=\/wp\/v2\/types\/page"}],"author":[{"embeddable":true,"href":"https:\/\/concamin.org.mx\/index.php?rest_route=\/wp\/v2\/users\/1"}],"replies":[{"embeddable":true,"href":"https:\/\/concamin.org.mx\/index.php?rest_route=%2Fwp%2Fv2%2Fcomments&post=195"}],"version-history":[{"count":10,"href":"https:\/\/concamin.org.mx\/index.php?rest_route=\/wp\/v2\/pages\/195\/revisions"}],"predecessor-version":[{"id":536,"href":"https:\/\/concamin.org.mx\/index.php?rest_route=\/wp\/v2\/pages\/195\/revisions\/536"}],"wp:featuredmedia":[{"embeddable":true,"href":"https:\/\/concamin.org.mx\/index.php?rest_route=\/wp\/v2\/media\/14"}],"wp:attachment":[{"href":"https:\/\/concamin.org.mx\/index.php?rest_route=%2Fwp%2Fv2%2Fmedia&parent=195"}],"curies":[{"name":"wp","href":"https:\/\/api.w.org\/{rel}","templated":true}]}}